{"id":601,"date":"2019-08-23T12:51:02","date_gmt":"2019-08-23T12:51:02","guid":{"rendered":"https:\/\/blog.talentoteca.es\/?page_id=601"},"modified":"2019-11-04T15:13:42","modified_gmt":"2019-11-04T14:13:42","slug":"quienes-somos","status":"publish","type":"page","link":"https:\/\/blog2.talentoteca.es\/blog\/quienes-somos\/","title":{"rendered":"Quienes Somos"},"content":{"rendered":"<p><img decoding=\"async\" class=\"quienes-somos\" src=\"https:\/\/blog.talentoteca.es\/wp-content\/uploads\/2019\/09\/img-fue.jpg\" alt=\"\"><\/p>\n<h2>\u00a1Bienvenido a Talentoblog!<\/h2>\n<p>Lo primero que tienes que saber es que este blog que est\u00e1s leyendo es un <strong>proyecto de <a href=\"https:\/\/www.talentoteca.es\/\" target=\"_blank\" rel=\"noopener noreferrer\">Talentoteca<\/a>, el portal de la <a href=\"https:\/\/fundacionuniversidadempresa.es\/es\/\" target=\"_blank\" rel=\"noopener noreferrer\">Fundaci\u00f3n Universidad Empresa<\/a> que te ofrece la formaci\u00f3n que necesitas para mejorar tu empleabilidad en el futuro<\/strong>. Y ahora que ya sabes quienes somos vamos a contarte lo que puedes encontrar aqu\u00ed:<\/p>\n<ul>\n<li><strong>Informaci\u00f3n<\/strong> sobre algunas de las&nbsp;iniciativas que llevamos a cabo desde Talentoteca (s\u00ed; nos gusta hablar de nosotros). Con algunos de nuestros programas formativos puedes conseguir <a href=\"https:\/\/www.talentoteca.es\/finder\/\" target=\"_blank\" rel=\"noopener noreferrer\">pr\u00e1cticas y empleo<\/a> en empresas punteras, formaci\u00f3n gratuita de calidad o incluso puedes irte a recorrer el mundo con nuestro programa &#8216;Movers&#8217; as\u00ed que te recomendamos que no te pierdas las publicaciones de la secci\u00f3n TALENTO.<\/li>\n<li><strong>Tendencias<\/strong> de diferentes sectores profesionales contadas por sus protagonistas y toda clase de noticias relacionadas con la ACTUALIDAD PROFESIONAL.<\/li>\n<li><strong>Orientaci\u00f3n<\/strong> para guiarte en el complejo mundo laboral. Tanto si est\u00e1s empezando tu camino, como si est\u00e1s estudiando o si ya pasas tus d\u00edas en una oficina tenemos algunos consejos que podr\u00edan serte \u00fatiles: HABLEMOS DE TU FUTURO.<\/li>\n<li><strong>Recomendaciones<\/strong> de cultura, innovaci\u00f3n, tecnolog\u00eda, salud, ocio y mucho m\u00e1s; porque estamos convencidos de que hay vida FUERA DE LA OFICINA.<\/li>\n<\/ul>\n<p>\u00bfTe ha gustado tanto todo lo que has le\u00eddo que quieres que te contemos m\u00e1s? Puedes ponerte en contacto con nosotros como mejor te venga: en el tel\u00e9fono 915 489 860 o en el mail info@fue.es.<\/p>\n<p>\u00a1Nos encanta recibir opiniones y saludos!<\/p>\n","protected":false},"excerpt":{"rendered":"<p>\u00a1Bienvenido a Talentoblog! Lo primero que tienes que saber es que este blog que est\u00e1s leyendo es un proyecto de Talentoteca, el portal de la Fundaci\u00f3n Universidad Empresa que te ofrece la formaci\u00f3n que necesitas para mejorar tu empleabilidad en el futuro. Y ahora que ya sabes quienes somos vamos a contarte lo que puedes encontrar aqu\u00ed: Informaci\u00f3n sobre algunas de las&nbsp;iniciativas que llevamos a cabo desde Talentoteca (s\u00ed; nos gusta hablar de nosotros). Con algunos de nuestros programas formativos puedes conseguir pr\u00e1cticas y empleo en empresas punteras, formaci\u00f3n gratuita de calidad o incluso puedes irte a recorrer el mundo con nuestro programa &#8216;Movers&#8217; as\u00ed que te recomendamos que no te pierdas las publicaciones de la secci\u00f3n TALENTO. Tendencias de diferentes sectores profesionales contadas por sus protagonistas y toda clase de noticias relacionadas con la ACTUALIDAD PROFESIONAL. Orientaci\u00f3n para guiarte en el complejo mundo laboral. Tanto si est\u00e1s empezando tu [&hellip;]<\/p>\n","protected":false},"author":1,"featured_media":0,"parent":0,"menu_order":0,"comment_status":"closed","ping_status":"closed","template":"","meta":{"om_disable_all_campaigns":false,"_exactmetrics_skip_tracking":false,"_exactmetrics_sitenote_active":false,"_exactmetrics_sitenote_note":"","_exactmetrics_sitenote_category":0,"_uf_show_specific_survey":0,"_uf_disable_surveys":false,"footnotes":""},"class_list":["post-601","page","type-page","status-publish","hentry"],"aioseo_notices":[],"wps_subtitle":"","_links":{"self":[{"href":"https:\/\/blog2.talentoteca.es\/blog\/wp-json\/wp\/v2\/pages\/601","targetHints":{"allow":["GET"]}}],"collection":[{"href":"https:\/\/blog2.talentoteca.es\/blog\/wp-json\/wp\/v2\/pages"}],"about":[{"href":"https:\/\/blog2.talentoteca.es\/blog\/wp-json\/wp\/v2\/types\/page"}],"author":[{"embeddable":true,"href":"https:\/\/blog2.talentoteca.es\/blog\/wp-json\/wp\/v2\/users\/1"}],"replies":[{"embeddable":true,"href":"https:\/\/blog2.talentoteca.es\/blog\/wp-json\/wp\/v2\/comments?post=601"}],"version-history":[{"count":16,"href":"https:\/\/blog2.talentoteca.es\/blog\/wp-json\/wp\/v2\/pages\/601\/revisions"}],"predecessor-version":[{"id":1155,"href":"https:\/\/blog2.talentoteca.es\/blog\/wp-json\/wp\/v2\/pages\/601\/revisions\/1155"}],"wp:attachment":[{"href":"https:\/\/blog2.talentoteca.es\/blog\/wp-json\/wp\/v2\/media?parent=601"}],"curies":[{"name":"wp","href":"https:\/\/api.w.org\/{rel}","templated":true}]}}